Calculate l(-7).
7
Let i(z) = 3044*z - 41140. What is i(14)?
1476
Let n(w) = 81*w**2 - 77*w + 267. Calculate n(3).
765
Let i(k) = -28*k**2 - 275*k - 6. Calculate i(-6).
636
Let k(b) = 4004*b - 84073. Determine k(21).
11
Let z(h) = -54396*h - 543942. Determine z(-10).
18
Let y(n) = -7*n**2 - 871*n - 15909. Give y(-102).
105
Let d(x) = x**3 - 37*x**2 - 281*x + 11412. Give d(36).
0
Let p(l) = -190*l**2 + 24647*l + 6937. Give p(130).
47
Let z(n) = 474*n - 5127. Calculate z(13).
1035
Let o(s) = 76*s**2 - 2980*s + 45. Give o(39).
-579
Let j(b) = 2*b**3 + 111*b**2 - 803*b + 23. Give j(-62).
-163
Let p(v) = -311*v**2 - 22660*v + 3134. What is p(-73)?
-5
Let x(w) = 4*w**3 + 93*w**2 + 489*w + 454. Calculate x(-6).
4
Let y(t) = 2218*t - 90931. Determine y(41).
7
Let t(y) = 131004*y - 2096071. What is t(16)?
-7
Let h(a) = 155*a**3 + 24336*a**2 + 164*a + 1093. What is h(-157)?
-6
Let w(g) = -2*g**3 + 69*g**2 + 528*g + 289. Give w(41).
84
Let l(b) = 2093*b + 40071. Give l(-19).
304
Let k(x) = -4*x**3 - 37*x**2 - 10*x - 446. Determine k(-10).
-46
Let j(l) = 6*l**2 + 6*l - 181. Give j(-6).
-1
Let a(p) = -1149*p + 11655. Calculate a(10).
165
Let t(i) = i**2 + 1164*i - 50645. Calculate t(42).
7
Let f(x) = -x**2 + 3504*x + 858826. Determine f(-230).
6
Let h(s) = -3*s**3 + 406*s**2 + 278*s - 299. Calculate h(136).
517
Let y(x) = x**2 - 2*x - 3449. Give y(46).
-1425
Let i(q) = 1036*q - 324649. Determine i(313).
-381
Let z(l) = l**2 - 58*l + 183. Give z(4).
-33
Let p(r) = 770*r - 248908. What is p(324)?
572
Let z(r) = -3*r**3 + 96*r**2 + 528*r + 3. Give z(-5).
138
Let g(i) = 2*i**3 - 84*i**2 + 830*i + 173. Calculate g(24).
-643
Let c(p) = 3*p**2 + 1183*p - 12176. Give c(10).
-46
Let f(n) = -n**2 + 382*n - 8915. Give f(355).
670
Let q(a) = 1503705*a + 16540755. Give q(-11).
0
Let o(u) = -320*u - 70278. What is o(-219)?
-198
Let z(l) = -248*l + 2238. Give z(15).
-1482
Let t(r) = 1120*r + 15291. Determine t(-14).
-389
Let v(o) = -o**2 + 875*o + 184982. What is v(-176)?
6
Let x(g) = 173*g**2 - 13850*g + 486. Calculate x(80).
-314
Let u(z) = -2*z**2 - 4560*z - 54410. Determine u(-12).
22
Let w(c) = 1679*c + 45714. Determine w(-27).
381
Let n(f) = 143*f - 6131. Determine n(41).
-268
Let h(c) = -10*c**2 + 49*c + 550. Determine h(-12).
-1478
Let l(q) = -6*q**3 - 20*q**2 - 263*q - 1250. Give l(-7).
1669
Let y(d) = 3115*d - 2847067. What is y(914)?
43
Let s(n) = -18588*n - 37186. Give s(-2).
-10
Let m(w) = 7*w**3 + 362*w**2 - 18*w + 4469. Determine m(-52).
-3
Let l(h) = -6*h - 1886. Calculate l(-321).
40
Let m(o) = 6593*o - 39417. Give m(6).
141
Let r(h) = 1021*h - 55553. Determine r(54).
-419
Let v(h) = -447*h - 4523. Determine v(-7).
-1394
Let z(b) = 6*b**2 - 115793*b - 115796. Calculate z(-1).
3
Let l(y) = -16*y**2 - 1758*y + 48923. Calculate l(23).
25
Let p(h) = 2*h**3 - 154*h**2 + 1864*h - 135. Give p(15).
-75
Let t(s) = 5669*s + 289117. Calculate t(-51).
-2
Let n(o) = -6576*o + 1137643. Calculate n(173).
-5
Let z(k) = k**2 - 53426*k - 694694. What is z(-13)?
13
Let a(f) = -f**3 + 227*f**2 + 1148*f - 141. What is a(-5)?
-81
Let b(w) = -w**3 + 6*w**2 + 2935*w - 23358. What is b(8)?
-6
Let u(a) = -2*a**3 + 691*a**2 - 7041*a + 1643. Determine u(335).
-367
Let k(l) = 3282*l + 259257. What is k(-79)?
-21
Let k(v) = v**3 + 67*v**2 - 79*v - 1206. Calculate k(-68).
-458
Let r(i) = -i**3 - 112*i**2 - 2020*i - 3549. Determine r(-90).
51
Let o(c) = -c**2 - 2293*c + 7. What is o(0)?
7
Let h(s) = 5*s**2 - 2601*s + 18. Determine h(0).
18
Let g(l) = -1782*l + 43233. Calculate g(24).
465
Let t(z) = z**2 - 8374*z - 41884. Calculate t(-5).
11
Let g(h) = -8704*h**2 - 86999*h + 3. Determine g(-10).
-407
Let c(k) = -6*k**2 + 3*k - 97. Determine c(-8).
-505
Let k(q) = 2*q**3 - 1423*q**2 - 4050*q + 694. Calculate k(-3).
-17
Let f(w) = -2*w**3 - 15*w**2 + 16484*w + 131816. Give f(-8).
8
Let g(f) = 102*f**3 - 1523*f**2 - 104*f - 18. Calculate g(15).
-3
Let k(f) = -5261*f + 31572. Calculate k(6).
6
Let p(z) = -40168*z + 321432. Calculate p(8).
88
Let k(c) = c**2 - 8466*c + 438064. Calculate k(52).
536
Let f(y) = -130360*y + 3259003. What is f(25)?
3
Let z(f) = -2*f**3 + 533*f**2 + 203*f + 17004. Determine z(267).
-84
Let c(h) = -193*h**2 - 19117*h - 981. Give c(-99).
9
Let q(i) = -395*i**2 - 6283*i + 573. What is q(-16)?
-19
Let a(r) = r**3 + 6*r**2 + 21*r + 92. Calculate a(-5).
12
Let t(p) = 2*p**3 + 242*p**2 + 3878*p + 209. What is t(-102)?
5
Let t(x) = -281*x**2 + 17702*x - 31. Give t(63).
-94
Let g(d) = -6*d**3 + 2*d**2 - 108537*d - 108538. Calculate g(-1).
7
Let d(y) = -y**2 - 37375*y - 12958750. Calculate d(-350).
0
Let m(i) = 5*i**3 + 625*i**2 - 57*i - 5613. Give m(-125).
1512
Let t(p) = -p**2 - 176*p + 4147. What is t(21)?
10
Let z(b) = -211*b**2 + 8478*b + 107. What is z(40)?
1627
Let x(s) = 63*s**2 - 3758*s - 1290. Determine x(60).
30
Let w(c) = -2*c**3 - 39*c**2 + 1498*c + 22349. Determine w(-32).
13
Let f(l) = 13483*l**2 + 310104*l - 94. Give f(-23).
21
Let o(m) = -7*m**3 - 100*m**2 + 88*m + 1328. Calculate o(-13).
-1337
Let k(r) = -r**2 + 29943*r - 269415. What is k(9)?
-9
Let f(b) = -b**2 - 2570*b - 33237. What is f(-13)?
4
Let v(k) = -1138484*k + 5692427. Determine v(5).
7
Let a(i) = -i**3 + 20*i**2 + 1137*i - 67. Calculate a(-25).
-367
Let q(i) = 419*i - 36035. What is q(86)?
-1
Let r(t) = 748*t + 113744. Calculate r(-152).
48
Let m(t) = -t**3 + 860*t**2 - 145*t + 124689. Calculate m(860).
-11
Let c(v) = -822576*v + 3290316. Determine c(4).
12
Let t(v) = 12242*v + 183639. Calculate t(-15).
9
Let r(k) = -3*k**3 + 98*k**2 - 33*k - 1134. Determine r(32).
-142
Let b(p) = 188506*p + 22432214. What is b(-119)?
0
Let a(v) = 1177*v - 989836. Calculate a(841).
21
Let t(z) = -3*z**2 + 206*z - 2120. Give t(10).
-360
Let q(t) = -t**2 + 18*t + 268. Give q(0).
268
Let f(x) = -x**2 + 2492*x - 83744. Calculate f(34).
-172
Let f(h) = 10*h**2 - 1611*h + 1518. Calculate f(159).
-1821
Let c(k) = -51232*k - 460901. Give c(-9).
187
Let v(d) = -3742*d - 632412. Calculate v(-169).
-14
Let v(t) = -t**3 - 3*t**2 + 212*t + 1204. What is v(15)?
334
Let d(v) = 17*v**3 + 970*v**2 + 50*v - 664. Calculate d(-57).
-265
Let i(v) = -v**3 - 56*v**2 + 128*v + 716. Determine i(-58).
20
Let b(k) = -3541*k - 38452. What is b(-11)?
499
Let f(z) = -372*z - 54745. Calculate f(-147).
-61
Let w(v) = v**2 + 360*v + 11663. Determine w(-36).
-1
Let c(z) = 374*z + 10809. What is c(-29)?
-37
Let o(s) = -26*s**2 + 2480*s + 36. What is o(95)?
986
Let b(w) = 54932*w - 109873. Determine b(2).
-9
Let c(j) = -966*j**3 - 10*j**2 - 23*j - 16. Calculate c(-1).
963
Let p(t) = 6603*t - 105562. Calculate p(16).
86
Let d(f) = -451*f - 130080. Determine d(-293).
2063
Let p(g) = 3*g**3 - 2358*g**2 - 104326*g - 1596. Calculate p(828).
60
Let y(n) = 4458*n - 214055. Determine y(48).
-71
Let m(w) = 2*w**3 - 28*w**2 - 340*w - 47. Calculate m(22).
217
Let p(o) = -8*o**2 + 1642*o + 14982. Calculate p(214).
2
Let t(p) = -1832*p - 1991. Determine t(-1).
-159
Let z(p) = 6*p**3 - 8*p**2 + 192*p - 813. Give z(6).
1347
Let o(n) = n**2 + 1425*n - 475435. Give o(279).
-19
Let y(x) = -x**2 + 699*x + 16875. Determine y(-24).
-477
Let h(w) = 7372*w + 1083655. What is h(-147)?
-29
Let z(u) = u**3 - 84*u**2 - 442*u - 290. Calculate z(89).
-23
Let j(t) = 19*t**2 - 13275*t + 9070. Give j(698).
-4
Let o(m) = m**3 - 184*m**2 - 737*m - 2902. Give o(188).
-82
Let n(u) = -742484*u + 75733361. What is n(102)?
-7
Let p(g) = -2*g**3 + 18*g**2 - 109*g + 468. Calculate p(6).
30
Let j(k) = -109*k + 57868. Determine j(531).
-11
Let x(m) = -m**3 + 50*m**2 - 530*m - 9540. What is x(-9)?
9
Let d(r) = -38*r**3 + 636*r**2 + 168*r - 19. What is d(17)?
-53
Let o(c) = -31*c**3 + 222*c**2 - 224*c + 53. Determine o(6).
5
Let k(w) = -4*w**2 - 987*w - 21121. Give k(-223).
64
Let n(m) = 3*m**3 + 25*m**2 + 4*m - 159. Give n(-8).
-127
Let z(r) = -9*r**3 + 163*r**2 + 29*r - 891. Give z(18).
-45
Let c(q) = -70*q + 4324. What is c(60)?
124
Let i(b) = b**3 + 203*b**2 + 7879*b + 4171. What is i(-151)?
94
Let g(b) = -34452*b - 1757050. What is g(-51)?
2
Let f(w) = 22*w**2 - 200*w + 81. What is f(6)?
-327
Let v(m) = -166*m - 34721. What is v(-210)?
139
Let o(g) = -23*g**2 - 3984*g - 917. Give o(-173).
-52
Let f(k) = -255*k - 3786. Give f(-14).
-216
Let x(m) = -8553*m + 2583031. Calculate x(30